 - 30. Let o(b) = -b**3 + 20*b**2 - 31*b - 16. Let i be o(z). Suppose -184 = -2*w + w + 3*y, 3*w - y = i. What is the tens digit of w?
6
Let d be ((-124)/20 - -5)*(-5)/2. What is the tens digit of ((-831)/d - -6)*-1?
7
Suppose -4*o + 769 = -711. Let d = 24 - 18. Suppose -d*h + h = -o. What is the units digit of h?
4
Let g be -2*((-10)/45 - (-25)/(-9)). Suppose 1149 = g*y - 249. What is the hundreds digit of y?
2
Let t(c) = c**3 + 112*c + 1 - 110*c + 8. What is the hundreds digit of t(5)?
1
Suppose s - 6826 + 18842 = 0. What is the hundreds digit of (1 + 2)/(1 - (-11992)/s)?
5
Suppose -71*x + h = -67*x - 30691, -3*h + 30711 = 4*x. What is the units digit of x?
4
Let m(x) = 15*x**2 - 6*x - 7. Let g be 9/(-2) - (-30)/(-60). What is the units digit of m(g)?
8
Let v = -38 + 49. Let x = 19 + v. Let m = x + 44. What is the tens digit of m?
7
Let y(p) = -44*p - 201. Let a be y(-6). Suppose 80*z = 71*z + a. What is the units digit of z?
7
Suppose -10*p - 10997 = -3897. Let k = p - -1478. What is the tens digit of k?
6
Suppose 0 = 3*t - 4*y - 27, -t + 17 = -y + 7. Let f(u) = t*u - u - 5*u + 9*u + 6. What is the units digit of f(9)?
0
Let q be 2/6 + 2/(-6). Suppose -z = -5, -h - 2*z + 12 = -q*h. Suppose -2*w + 184 = 2*a, -3*a = -0*w + h*w - 180. What is the units digit of w?
6
Let i be 6/4*(40/(-6))/(-2). Suppose 5*w - i - 20 = 0. What is the tens digit of (-8)/3*w/(20/(-159))?
0
What is the tens digit of (-12)/(-22) - (-41881591)/3179?
7
Let x(a) = 2*a - 7. Let z be x(3). Let v(w) = 2*w**3 + 45*w**2 + 49*w + 36. Let c be v(-21). What is the units digit of (-25 + z)*c/(-44)?
5
Suppose 115 = 2*h + 3*v, 0*v - 209 = -4*h + v. Suppose -h*x + 90 = -58*x. What is the tens digit of (-10)/(-45) - 3272/x?
8
Let m(f) = f**3 - 30*f**2 - 22*f + 35. Let x = -80 + 111. What is the tens digit of m(x)?
1
Let h = 70373 - 33938. What is the thousands digit of h?
6
Let t be -73 + 10/(-7) + (-3)/(-7). Let y = 389 + t. Suppose 5*j - 470 - y = 0. What is the units digit of j?
7
Let r = -95 + 86. Let n be (-6)/r*-3 - 0/(-1). What is the hundreds digit of (-5 - 320/n) + (-6)/2?
1
Let m be 1/(-8)*2 + 5474/8. Let p = m - -438. What is the tens digit of p?
2
Let r = -43 - -29. Let p = 34 - r. Let d = p - 33. What is the units digit of d?
5
Let x(u) = 26*u - 6*u**3 + u**3 - 2*u**2 - u**3 + 4 + 3*u**3. What is the tens digit of x(-5)?
9
Let w be 4/(-6)*6 - -117. Suppose 0 = 2*h + w - 785. What is the tens digit of h?
3
Suppose -169*q - 425358 = -187*q. What is the units digit of q?
1
Suppose 0 = 4*d + 5*q - 1227, -d + 2*q + 297 = -0*d. Let w = d + -157. Suppose 16*r - 14*r = w. What is the tens digit of r?
7
Let n(x) = -x**3 + 37*x**2 - 35*x - 15. Let v be n(36). Let p = v + 263. What is the hundreds digit of p?
2
Let y be (1/((-5)/(-40)))/(4/2). Suppose 0 = -t + y*f + 13, -3*t = -4*t + 5*f + 15. Suppose 0 = 4*o - 3*m - 14, o + t*m - 1 = 14. What is the units digit of o?
5
Let i be (17*(-19)/(-3))/((-7)/(-42)). Suppose 3*d - h = 650, 7*h - 9*h = -3*d + i. What is the tens digit of d?
1
Let d(p) be the second derivative of 5*p**4/6 + 23*p**3/6 - 3*p**2/2 - 139*p. What is the tens digit of d(3)?
5
What is the tens digit of 387/86*(1 + (-159076)/(-36))?
8
Suppose -30*u + 106*u - 87096 = 0. What is the hundreds digit of u?
1
Let l(t) = 2534*t**2 + 32*t + 3. What is the hundreds digit of l(-3)?
7
Let a(h) = 4*h**2 - 22*h - 25. Let v(c) = c**3 + 3*c**2 - 2*c + 3. Let m be v(-2). What is the units digit of a(m)?
7
Let k be ((-9)/(36/(-16)) + -31)*-17. Let b = k + -418. What is the units digit of b?
1
Let h(i) = 15*i**2 - 54*i - 28. Let k be h(23). Suppose -k = -7*r - 1373. What is the tens digit of r?
5
Let h(p) = 30*p + 6. Suppose -w + 8 = 2*o, 0*o + 8 = 2*o - 2*w. Let z be (12/o)/((-21)/(-14)). What is the units digit of h(z)?
6
What is the ten thousands digit of (-519 - -1)*((-330)/10 + 4)?
1
Suppose -4*z = -j + 15877, 0 = 4*j - 5*z + 4147 - 67666. What is the hundreds digit of j?
8
Let a be (-25)/5*(-91 + -12). Suppose -865 - 168 = -2*w + 5*z, -4*z - a = -w. What is the hundreds digit of w?
5
Suppose -45185*b + 45200*b - 981600 = 0. What is the units digit of b?
0
Let k = 117 + -111. Suppose -k*r = -937 - 659. Let g = 474 - r. What is the hundreds digit of g?
2
Let l be -3 + 15 + -1 - 1. Suppose l*t = 19*t + 27. What is the units digit of 6/9 - 55/t?
9
Let a be (-1)/(-4) + (-231)/(-132). Suppose -a*u + 374 = -446. What is the units digit of u?
0
What is the ten thousands digit of 21702 - 1 - (9 - 91/14)*2?
2
Suppose 2*b - 4452 = 522. What is the units digit of b?
7
Let p be ((-8)/(-20))/(-2) - 21453/(-15). Let y = -815 + p. Suppose y = 7*c - 862. What is the tens digit of c?
1
Let r(t) = -20*t**3 - 58*t**2 - 115*t - 109. Let s(m) = -7*m**3 - 19*m**2 - 39*m - 36. Let y(b) = -6*r(b) + 17*s(b). What is the units digit of y(-22)?
0
What is the tens digit of 217392/11 - 2790/3069?
6
Let a(i) = 11*i**3 - 15*i**2 + 99*i + 20. What is the ten thousands digit of a(11)?
1
Suppose 10*w = 7*w + 120. Let u = 42 - w. Suppose -4*p + u*o + 42 = 0, -3*o - 10 - 1 = -2*p. What is the units digit of p?
3
Let d(s) = s**2 - 10. Let q be d(3). What is the tens digit of q/3*(0/2 - 1068)?
5
What is the thousands digit of ((-9)/27*67)/((-2)/1206)?
3
Suppose -45*d = 38*d - 36437. What is the units digit of d?
9
Suppose 3*x = -u + 114, 4*x + 0*u = 2*u + 142. Suppose 0 = -6*n - x + 469. Let d = -28 + n. What is the tens digit of d?
4
Let l(w) = -11*w**3 + 2*w**2 - 4*w + 1. Let h be l(1). Let m(r) = -r - 4. Let t be m(h). Let u(s) = 2*s**2 - 4*s + 12. What is the units digit of u(t)?
8
Suppose -4*c - 2565 = -5*d, -c + 2*d + 117 - 756 = 0. Let x = 698 + c. What is the units digit of x?
3
Suppose -12*u + 58656 = 4*s - 26540, 4*u - s - 28387 = 0. What is the units digit of u?
8
Let b be (24/12 - -1040)*1/2. Suppose 520*q = b*q - 1389. What is the thousands digit of q?
1
What is the tens digit of -14*(-27)/(-3213) + 396444/34?
6
Let y(s) be the first derivative of -s**4/2 + 19*s**3/3 + 7*s**2 + s + 10. Let f be y(10). Suppose 2*q - 21 = f. What is the tens digit of q?
3
Suppose -j - 5*b = -b - 22, 76 = 5*j + 3*b. Suppose -29 - 56 = -5*r. Suppose -r*v = -j*v - 231. What is the units digit of v?
7
Let w be 927 + -1 + -62 + 63. Let j = -466 + w. What is the hundreds digit of j?
4
Let m = 6274 + -1927. Suppose -435 = 12*o - m. What is the tens digit of o?
2
Suppose 5*h + 3*m - 28085 = 0, 22451 = 4*h + 22*m - 23*m. What is the tens digit of h?
1
Suppose 76*f = 4010972 - 478740 + 261460. What is the hundreds digit of f?
9
Suppose 16*n = -5 + 85. Let v = -2 + 4. Suppose 4*p - v*z = 450, 0*p = 5*p + n*z - 540. What is the tens digit of p?
1
Let p = -20 + 25. Suppose -2 = b + 2*v, p*b - 6*v = -3*v + 16. Suppose 262 = 5*x - d, -x + 2*d = b*x - 153. What is the units digit of x?
3
Suppose 0 = 3*t - 6, 5*i - 105124 = 3*t - 0*t. What is the thousands digit of ((-6)/24)/((-5)/(i - 6))?
1
Suppose -20301 = -3*t - 3*w, -78*t + 2*w = -74*t - 27080. What is the tens digit of t?
6
Suppose 6*o + 1572 = -6*o. Let y = 142 + o. Suppose y*j - 1678 = 16. What is the hundreds digit of j?
1
Let n(c) = 19*c**2 - 4*c + 1. Let t be n(-4). Let r(m) = -m**2 + 27*m - 90. Let g be r(4). Suppose -g*o = -5*o + t. What is the units digit of o?
7
Let x be 45/4 - (-2 - (-81)/36). Suppose -x*t = -727 - 1022. What is the tens digit of t?
5
What is the tens digit of (-22 + (-117494)/26)/((-2)/4)?
8
Suppose -4*a + 15 = v + 6, 2*a - 5 = -v. What is the units digit of (-96)/((-2 - 0)/a)?
6
Suppose 7*s - l + 1995 = 9*s, 2*l - 6 = 0. What is the tens digit of s?
9
Let s = 125 - 77. Let a = 50 - s. Suppose -4*w + 0*w = -j - 470, -w + a*j + 121 = 0. What is the units digit of w?
7
Suppose -2*r = -2*c - 6, 48 = 3*c + 51. Let t be 45 + (-1 - (-1 + 1)). Suppose -r*h + 284 + t = 0. What is the tens digit of h?
6
Suppose 46*i - 1383396 = -41*i + 3*i. What is the ten thousands digit of i?
1
Suppose 0 = -4*y - 73 - 23. Suppose 0 = 9*x - 5*x + 8. What is the units digit of 208/y*15/x?
5
Suppose -2*f = -10, -2*q - 21 = -3*q - 4*f. Suppose 2*y + t = q, 0*y + y = 4*t + 23. What is the hundreds digit of 16344/90 - 2*y/10?
1
Suppose -12*v + 3*v + 29907 = -246978. What is the tens digit of v?
6
Let h = -21145 + 9985. What is the units digit of h/18*(-2)/4?
0
Suppose 7*a = -5*a